?
7
Let a(l) = 15*l**3 + 2*l - 1. Calculate the remainder when a(1) is divided by 6.
4
Suppose x + 3*v - 30 = 6*x, 0 = 3*x - 2*v + 19. Let s be ((-128)/(-3))/4*x. Calculate the remainder when 5 is divided by s/(-14) - 4/14.
1
Suppose 2*h = -5*k + 197, 0*k = 5*k - h - 209. Calculate the remainder when k is divided by 16.
9
Let x(r) = r**2 - 4*r - 1. Let m be x(5). Suppose m*s - 5*h - 14 = 0, 3*s - 8 = 2*h + 6. Calculate the remainder when 16 is divided by s.
4
Suppose 35*a = 16*a + 114. Calculate the remainder when 21 is divided by a.
3
Let j(h) = -4 + 1 - h + 0. Let o be j(-6). Suppose -45 = -o*f + 3. What is the remainder when f is divided by 9?
7
Suppose -1 - 29 = -2*n. Let g = 4 - 4. What is the remainder when 2/2 + (g - -28) is divided by n?
14
Let u be -1 - (3/(-1) + 2). Suppose -y + 3*k = -10, -y - k - k + 10 = u. What is the remainder when ((-21)/63)/(-2 + 113/57) is divided by y?
9
Let m = -5 - -12. Let z be (-1 - 0)*(2 - 6). Let u = 17 - z. Calculate the remainder when u is divided by m.
6
Calculate the remainder when 47 is divided by -7 - -7 - (2 + -18).
15
Suppose 4*k - 165 = 7. What is the remainder when 83 is divided by k?
40
Let d be -5*((-1)/1 + 0). What is the remainder when (d - (-2 - -4)) + 6 is divided by 2?
1
Let h(t) = -t**2 + 11*t + 9. Let p(f) = f**2 + 4*f + 4. Let r be p(-3). What is the remainder when h(7) is divided by r/(-1 + 28/26)?
11
Let d(q) = 2*q - 1. Let h be d(2). Suppose -5 - 25 = h*z. Let n = z - -15. Calculate the remainder when n is divided by 4.
1
Suppose 0 = 18*f - 14 - 508. What is the remainder when f is divided by 12?
5
Let o(w) be the second derivative of w**4/3 - w**3/6 - w**2/2 + 3*w. What is the remainder when o(-2) is divided by 6?
5
Suppose 44 = l + 14. Calculate the remainder when l is divided by 8.
6
Let k be 4/6 + 48/(-18). What is the remainder when 25 is divided by (3/2 + k)*-18?
7
Let u be (6/(-5))/((-3)/(-45)). Let g = 7 - u. What is the remainder when g is divided by 13?
12
Suppose 2*s - 53 - 146 = -3*h, 3*s = -h + 64. Let x(i) = 4*i + 1. What is the remainder when h is divided by x(4)?
16
Let x(g) = 6*g + 58. Let b = 119 + -64. Calculate the remainder when b is divided by x(-5).
27
Let p be 0/(5/((-15)/6)). Let r(f) = 74*f - 24*f + p - 1. Calculate the remainder when r(1) is divided by 17.
15
Suppose 0 = l - 5*s + 4, 4*l + 0*s - 5*s - 14 = 0. Suppose -25 = 5*q, 0 = 2*h - 5*q + q - 50. What is the remainder when h is divided by l?
3
Calculate the remainder when 11 is divided by (1/(-3))/(2/(-24)).
3
Suppose -39 = d - 4*d. What is the remainder when d is divided by 4?
1
Let f = -4 + 4. Suppose 5*a - 15 = f, 2*u = 6*u + a - 47. What is the remainder when 29 is divided by u?
7
Let g(x) be the second derivative of x**4/12 + x**3/2 - 7*x**2/2 - 3*x. Calculate the remainder when 20 is divided by g(-6).
9
Let k = -19 - -70. Suppose 4*o - 3*o - k = 0. Calculate the remainder when o is divided by 13.
12
Let h(z) = -z**2 + 9*z + 12. Let x be h(9). Suppose -x = 2*i - i. Let j = i + 18. Calculate the remainder when 16 is divided by j.
4
Let r(l) = 2*l - 1. Let g = -27 - -28. What is the remainder when r(1) is divided by g?
0
Suppose 21 = j - 8. Suppose 0 = 4*f + 3*n - j, -f = 3*n - 5 - 9. What is the remainder when 8 is divided by f?
3
Suppose -6 = -3*w - 3. Suppose 3*l - 2*h + 6 = 0, l - 5*h = -7 - 8. Let a = l + w. Calculate the remainder when 2 is divided by a.
0
Let k be 0 - (1 + 1 + -2). Suppose 0 = 5*r + 4*t - k*t - 24, -3*t - 17 = -5*r. Calculate the remainder when r is divided by (-29)/(-9) + 2/(-9).
1
What is the remainder when (-4)/(-6)*(-549)/(-6) is divided by 16?
13
Suppose -2*t + 30 = -70. Suppose 0 = 5*a - t - 0. Calculate the remainder when 19 is divided by a.
9
Let a(c) = c**2 + 3*c + 1. Let n be a(-5). Let x = n + 0. What is the remainder when 7*-1*-3*1 is divided by x?
10
Suppose 2*a + 8 = 2*q, 2*a - q + 6 = 2. Suppose 0 = -w - 1 - 3, 3*b + 2*w - 52 = a. Calculate the remainder when b is divided by 26/4 + (-2)/(-4).
6
Suppose -2*x = -3*x + 8. Calculate the remainder when 12 is divided by ((-10)/x)/((-2)/8).
2
Let l(s) = 8*s**3 + 2*s**2 - 4*s + 3. Let i be l(2). Let j = i - 45. Calculate the remainder when j is divided by 12.
10
Let h = -5 + 21. Let t = -66 - -112. Calculate the remainder when t is divided by h.
14
Let j = 142 - 71. What is the remainder when j is divided by 18?
17
Suppose 2*a - 5 = -1. Suppose 5*x = a*v + 148, -v = v - 2. Calculate the remainder when x is divided by 8.
6
Let d(o) = -o**3 + 4*o**2 + 2*o + 1. Suppose 3*z - 16 = 83. What is the remainder when z is divided by d(4)?
6
Suppose 3*g - 124 = -g. Suppose -i - g = -u, 2*u = -0*u - 3*i + 47. Calculate the remainder when u is divided by 10.
8
Suppose 0 = -o + 3*v + 34, -65 = 3*o + 5*v - 237. Let t be -1 - (4/16 - (-46)/8). What is the remainder when (-14)/o - 107/t is divided by 4?
3
Suppose 3 = -4*x + 19. Let d = 9 + -3. Calculate the remainder when d is divided by x.
2
Let x(u) = u**2 - 13*u - 13. What is the remainder when 29 is divided by x(15)?
12
Let t = 19 - 22. What is the remainder when 15 is divided by (-22)/t - (-2)/3?
7
Suppose 202 = 13*x - 175. Calculate the remainder when 52 is divided by x.
23
Let t = 115 + -33. Calculate the remainder when t is divided by 21.
19
Let k be (0 + -1 + -1)/(-1). Let s(h) = 8*h**3 - h**2 - h. Calculate the remainder when s(k) is divided by 20.
18
Suppose -4*v + 19 = -77. Suppose u - v = -u + 4*l, 0 = u + 3*l - 2. Calculate the remainder when 15 is divided by u.
7
Suppose -2*y - y + 6 = 0. Let t(p) = -p**3 - 5*p**2 - 8. Calculate the remainder when t(-6) is divided by (-51)/(-5) + y/(-10).
8
What is the remainder when 22 is divided by -2*((-315)/(-10))/(-9)?
1
Let r be (-3)/27*-3*39. Let k = r + -25. Calculate the remainder when 39 is divided by (k - -2)*(-2 + 1).
9
Let i(a) = -a + 1. Let n be (-6)/(-24) + 66/(-8). What is the remainder when 26 is divided by i(n)?
8
Calculate the remainder when 22 is divided by ((-1)/3)/(2/(-104 - -2)).
5
Let a be (1 - -2) + (5 - 3). Suppose k = -a - 2. Let j = k + 11. Calculate the remainder when 6 is divided by j.
2
Calculate the remainder when 14 + 3 + -3 + -2 is divided by 5.
2
What is the remainder when (-1)/(-5)*-1 + (-10914)/(-170) is divided by 1 - (2 - (1 + 22))?
20
Suppose 4*x - 4 = u - 0*x, 0 = -5*u + 4*x + 28. Let q(a) = -2*a + 2. What is the remainder when q(-6) is divided by u?
6
Suppose 5*f = c - 1, 0*c + c = -4*f + 28. Calculate the remainder when c is divided by 6.
4
Let z(f) = -f**3 + 14*f**2 + 5*f - 20. Let m be z(14). Calculate the remainder when 19 is divided by m/4*(-20)/(-25).
9
What is the remainder when 8 is divided by 2/6 - 98/(-21)?
3
Let t = -6 + 8. Let j = t + 5. Calculate the remainder when j is divided by 3.
1
Suppose -3*r + 6 = -6. Suppose 0 = -3*b - b + 1200. Suppose 0 = r*l - b + 120. What is the remainder when l is divided by 12?
9
What is the remainder when 7/21 + (-68)/(-3) is divided by (9/(-4))/((-6)/32)?
11
Suppose 2*y + 1536 = -2*y. Let h be (-4)/(-22) + y/(-66). Suppose v = 11 + h. Calculate the remainder when v is divided by 9.
8
Suppose -36 = -2*s - s. What is the remainder when 58 is divided by s?
10
Suppose 3*p = -9, -4*p = 4*j + 99 - 287. Calculate the remainder when j is divided by 9.
5
Let b(l) = 0 + 1 + 3 + 7*l. Let v be b(-4). Let p = -14 - v. What is the remainder when 19 is divided by p?
9
Let w = 46 + -26. Calculate the remainder when 77 is divided by w.
17
Suppose 0 = -5*z - 2*z. Suppose 51 = q + 5*k, q = -z*k - k + 43. Let s(d) = 5*d + 1. What is the remainder when q is divided by s(2)?
8
Let c = -4 + 23. What is the remainder when 36 is divided by c?
17
Suppose 2 = -q + 3*v + 1, 4*v = -2*q + 18. Suppose n - 55 = -q*r - n, 2*r - 5*n - 22 = 0. Let d(p) = 7*p - 1. What is the remainder when r is divided by d(1)?
5
Suppose -3*t = -7 - 8, -2*t + 98 = w. Calculate the remainder when w is divided by 15.
13
Let u(h) = h**2 - 6*h - 5. Let n be u(7). Suppose 3*d - 65 = -0*l - n*l, 4*d - 75 = -5*l. Calculate the remainder when d is divided by 13.
12
Let y(w) = -6*w. Suppose -5*x + 7*u = 2*u - 165, -x = u - 37. Calculate the remainder when x is divided by y(-2).
11
Let j = -257 + 424. What is the remainder when j is divided by 34?
31
What is the remainder when 93 is divided by 32*2/12*